ided by 249.
101
What is the remainder when 94 is divided by 36?
22
Calculate the remainder when 450 is divided by 240.
210
What is the remainder when 3755 is divided by 21?
17
Calculate the remainder when 2206 is divided by 79.
73
What is the remainder when 1209 is divided by 12?
9
Calculate the remainder when 234 is divided by 94.
46
What is the remainder when 849 is divided by 153?
84
What is the remainder when 17659 is divided by 20?
19
What is the remainder when 4497 is divided by 2243?
11
Calculate the remainder when 370 is divided by 138.
94
Calculate the remainder when 1588 is divided by 120.
28
What is the remainder when 941 is divided by 21?
17
Calculate the remainder when 13183 is divided by 16.
15
What is the remainder when 100 is divided by 29?
13
Calculate the remainder when 1458 is divided by 481.
15
Calculate the remainder when 258 is divided by 76.
30
What is the remainder when 121 is divided by 13?
4
What is the remainder when 6978 is divided by 20?
18
What is the remainder when 152 is divided by 22?
20
What is the remainder when 88 is divided by 16?
8
What is the remainder when 456 is divided by 7?
1
What is the remainder when 1293 is divided by 72?
69
Calculate the remainder when 287 is divided by 111.
65
Calculate the remainder when 1318 is divided by 22.
20
What is the remainder when 754 is divided by 69?
64
What is the remainder when 344 is divided by 113?
5
What is the remainder when 45208 is divided by 137?
135
Calculate the remainder when 334 is divided by 85.
79
Calculate the remainder when 312 is divided by 17.
6
What is the remainder when 543 is divided by 69?
60
Calculate the remainder when 1156 is divided by 145.
141
What is the remainder when 4115 is divided by 6?
5
What is the remainder when 44 is divided by 9?
8
What is the remainder when 165 is divided by 49?
18
What is the remainder when 287 is divided by 6?
5
Calculate the remainder when 395 is divided by 129.
8
Calculate the remainder when 77806 is divided by 12.
10
Calculate the remainder when 23 is divided by 9.
5
Calculate the remainder when 5887 is divided by 151.
149
Calculate the remainder when 4516 is divided by 9.
7
Calculate the remainder when 995 is divided by 42.
29
Calculate the remainder when 129 is divided by 36.
21
What is the remainder when 40677 is divided by 40?
37
What is the remainder when 27395 is divided by 266?
263
Calculate the remainder when 125 is divided by 14.
13
What is the remainder when 1340 is divided by 79?
76
What is the remainder when 6838 is divided by 120?
118
Calculate the remainder when 920 is divided by 434.
52
What is the remainder when 100 is divided by 2?
0
What is the remainder when 12959 is divided by 72?
71
What is the remainder when 84 is divided by 69?
15
What is the remainder when 4328 is divided by 31?
19
What is the remainder when 208 is divided by 53?
49
What is the remainder when 9034 is divided by 13?
12
Calculate the remainder when 336 is divided by 34.
30
Calculate the remainder when 143 is divided by 15.
8
Calculate the remainder when 721 is divided by 46.
31
Calculate the remainder when 2499 is divided by 125.
124
Calculate the remainder when 335 is divided by 26.
23
What is the remainder when 2022 is divided by 200?
22
Calculate the remainder when 1281 is divided by 565.
151
What is the remainder when 3105 is divided by 1023?
36
What is the remainder when 187 is divided by 47?
46
What is the remainder when 184 is divided by 31?
29
What is the remainder when 2385 is divided by 1190?
5
What is the remainder when 128 is divided by 24?
8
What is the remainder when 171 is divided by 79?
13
Calculate the remainder when 410 is divided by 103.
101
What is the remainder when 251 is divided by 57?
23
Calculate the remainder when 48328 is divided by 27.
25
Calculate the remainder when 2558 is divided by 851.
5
What is the remainder when 382 is divided by 4?
2
What is the remainder when 127 is divided by 30?
7
Calculate the remainder when 54 is divided by 17.
3
Calculate the remainder when 131 is divided by 4.
3
What is the remainder when 1368 is divided by 28?
24
What is the remainder when 51 is divided by 20?
11
Calculate the remainder when 1498 is divided by 75.
73
Calculate the remainder when 4301 is divided by 105.
101
Calculate the remainder when 327 is divided by 175.
152
What is the remainder when 231 is divided by 10?
1
What is the remainder when 9286 is divided by 6?
4
What is the remainder when 900 is divided by 98?
18
What is the remainder when 134 is divided by 122?
12
Calculate the remainder when 3888 is divided by 9.
0
What is the remainder when 2267 is divided by 7?
6
Calculate the remainder when 10 is divided by 6.
4
What is the remainder when 68 is divided by 27?
14
What is the remainder when 468 is divided by 270?
198
What is the remainder when 316 is divided by 6?
4
Calculate the remainder when 85 is divided by 23.
16
Calculate the remainder when 146 is divided by 132.
14
What is the remainder when 10703 is divided by 45?
38
Calculate the remainder when 293 is divided by 83.
44
Calculate the remainder when 924 is divided by 25.
24
What is the remainder when 214 is divided by 61?
31
What is the remainder when 134 is divided by 46?
42
What is the remainder when 3420 is divided by 29?
27
What is the remainder when 2248 is divided by 24?
16
What is the remainder when 941 is divided by 27?
23
What is the remainder when 151 is divided by 138?
13
What is the remainder when 137 is divided by 24?
17
What is the remainder when 175 is divided by 16?
15
What is the remainder when 1784 is divided by 5?
4
What is the remainder when 14473 is divided by 14?
11
Calculate the remainder when 375 is divided by 54.
51
Calculate the remainder when 1076 is divided by 213.
11
What is the remainder when 262 is divided by 33?
31
Calculate the remainder when 11021 is divided by 5506.
9
Calculate the remainder when 1927 is divided by 642.
1
Calculate the remainder when 396 is divided by 10.
6
What is the remainder when 17 is divided by 6?
5
Calculate the remainder when 772 is divided by 41.
34
Calculate the remainder when 837 is divided by 289.
259
What is the remainder when 137 is divided by 67?
3
What is the remainder when 1002 is divided by 89?
23
Calculate the remainder when 254 is divided by 89.
76
What is the remainder when 218 is divided by 17?
14
Calculate the remainder when 90 is divided by 23.
21
What is the remainder when 1131 is divided by 63?
60
Calculate the remainder when 2654 is divided by 83.
81
What is the remainder when 1223 is divided by 41?
34
Calculate the remainder when 78 is divided by 58.
20
What is the remainder when 4916 is divided by 15?
11
Calculate the remainder when 464 is divided by 31.
30
Calculate the remainder when 1043 is divided by 19.
17
What is the remainder when 61 is divided by 47?
14
What is the remainder when 107 is divided by 43?
21
What is the remainder when 123 is divided by 52?
19
Calculate the remainder when 235 is divided by 59.
58
Calculate the remainder when 194 is divided by 27.
5
What is the remainder when 1020 is divided by 16?
12
Calculate the remainder when 396 is divided by 69.
51
Calculate the remainder when 137 is divided by 31.
13
Calculate the remainder when 1339 is divided by 79.
75
Calculate the remainder when 8435 is divided by 74.
73
Calculate the remainder when 1055 is divided by 16.
15
Calculate the remainder when 763 is divided by 298.
167
What is the remainder when 295 is divided by 23?
19
Calculate the remainder when 543 is divided by 4.
3
What is the remainder when 1751 is divided by 436?
7
What is the remainder when 19178 is divided by 140?
138
Calculate the remainder when 433 is divided by 11.
4
Calculate the remainder when 51 is divided by 26.
25
What is the remainder when 1157 is divided by 43?
39
What is the remainder when 173 is divided by 49?
26
Calculate the remainder when 177 is divided by 60.
57
What is the remainder when 120 is divided by 107?
13
Calculate the remainder when 506 is divided by 121.
22
What is the remainder when 75 is divided by 38?
37
Calculate the remainder when 622 is divided by 78.
76
What is the remainder when 646 is divided by 11?
8
What is the remainder when 25974 is divided by 62?
58
What is the remainder when